{"id":36,"date":"2014-06-11T15:19:22","date_gmt":"2014-06-11T13:19:22","guid":{"rendered":"http:\/\/szappanka.esy.es\/wp\/?post_type=product&amp;p=36"},"modified":"2014-06-11T15:19:22","modified_gmt":"2014-06-11T13:19:22","slug":"levendulas-kecsketejes-szappan","status":"publish","type":"product","link":"https:\/\/egyik19.hu\/wordpress\/termek\/levendulas-kecsketejes-szappan\/","title":{"rendered":"ELM\u00c9LY\u00dcL\u00c9S <br \/>&#8211; Levendul\u00e1s kecsketejes szappan Pr\u00f3ba (1db)"},"content":{"rendered":"<p><div class=\"fusion-fullwidth fullwidth-box fusion-builder-row-1 fusion-flex-container nonhundred-percent-fullwidth non-hundred-percent-height-scrolling\" style=\"--awb-border-radius-top-left:0px;--awb-border-radius-top-right:0px;--awb-border-radius-bottom-right:0px;--awb-border-radius-bottom-left:0px;--awb-background-color:#ffffff;--awb-flex-wrap:wrap;\" ><div class=\"fusion-builder-row fusion-row fusion-flex-align-items-flex-start fusion-flex-content-wrap\" style=\"max-width:1372.8px;margin-left: calc(-4% \/ 2 );margin-right: calc(-4% \/ 2 );\"><div class=\"fusion-layout-column fusion_builder_column fusion-builder-column-0 fusion_builder_column_1_2 1_2 fusion-flex-column\" style=\"--awb-bg-size:cover;--awb-width-large:50%;--awb-margin-top-large:20px;--awb-spacing-right-large:3.84%;--awb-margin-bottom-large:20px;--awb-spacing-left-large:3.84%;--awb-width-medium:50%;--awb-spacing-right-medium:3.84%;--awb-spacing-left-medium:3.84%;--awb-width-small:100%;--awb-spacing-right-small:1.92%;--awb-spacing-left-small:1.92%;\"><div class=\"fusion-column-wrapper fusion-flex-justify-content-flex-start fusion-content-layout-column\"><div class=\"fusion-separator fusion-full-width-sep\" style=\"align-self: center;margin-left: auto;margin-right: auto;margin-top:55px;width:100%;\"><\/div><div class=\"fusion-title title fusion-title-1 fusion-sep-none fusion-title-text fusion-title-size-one\"><h1 class=\"fusion-title-heading title-heading-left fusion-responsive-typography-calculated\" style=\"margin:0;--fontSize:72;line-height:var(--awb-typography1-line-height);\"><span style=\"color: #9089b8;\">HOGY MAXIM\u00c1LISAN KIFEJEZHESS\u00dcK BIZALMUNKAT<\/span><\/h1><\/div><div class=\"fusion-text fusion-text-1\"><p>V\u00e1s\u00e1rl\u00e1s\u00e1t\u00f3l sz\u00e1m\u00edtott 30 napig 100%-os p\u00e9nz visszafizet\u00e9si garanci\u00e1t v\u00e1llalunk.<br \/>\nAmennyiben nincs megel\u00e9gedve term\u00e9k\u00fcnkkel, csak keresni kell benn\u00fcnket el\u00e9rhet\u0151s\u00e9geink egyik\u00e9n \u00e9s mi visszafizetj\u00fck \u00d6nnek a v\u00e9tel\u00e1rat!<\/p>\n<\/div><\/div><\/div><div class=\"fusion-layout-column fusion_builder_column fusion-builder-column-1 fusion_builder_column_1_2 1_2 fusion-flex-column\" style=\"--awb-bg-size:cover;--awb-width-large:50%;--awb-margin-top-large:20px;--awb-spacing-right-large:3.84%;--awb-margin-bottom-large:20px;--awb-spacing-left-large:3.84%;--awb-width-medium:50%;--awb-spacing-right-medium:3.84%;--awb-spacing-left-medium:3.84%;--awb-width-small:100%;--awb-spacing-right-small:1.92%;--awb-spacing-left-small:1.92%;\"><div class=\"fusion-column-wrapper fusion-flex-justify-content-flex-start fusion-content-layout-column\"><div class=\"fusion-image-element \" style=\"text-align:center;--awb-max-width:350px;--awb-caption-title-font-family:var(--h2_typography-font-family);--awb-caption-title-font-weight:var(--h2_typography-font-weight);--awb-caption-title-font-style:var(--h2_typography-font-style);--awb-caption-title-size:var(--h2_typography-font-size);--awb-caption-title-transform:var(--h2_typography-text-transform);--awb-caption-title-line-height:var(--h2_typography-line-height);--awb-caption-title-letter-spacing:var(--h2_typography-letter-spacing);\"><span class=\" fusion-imageframe imageframe-none imageframe-1 hover-type-none\" style=\"border-radius:8px;\"><img decoding=\"async\" src=\"data:image\/gif;base64,R0lGODlhAQABAAAAACH5BAEKAAEALAAAAAABAAEAAAICTAEAOw==\" data-orig-src=\"https:\/\/legendaszappan.hu\/wp-content\/uploads\/2019\/09\/LS_100_garancia_500x500_190908.png\" alt class=\"lazyload img-responsive\"\/><\/span><\/div><\/div><\/div><\/div><\/div><div class=\"fusion-fullwidth fullwidth-box fusion-builder-row-2 fusion-flex-container nonhundred-percent-fullwidth non-hundred-percent-height-scrolling\" style=\"--awb-border-radius-top-left:0px;--awb-border-radius-top-right:0px;--awb-border-radius-bottom-right:0px;--awb-border-radius-bottom-left:0px;--awb-flex-wrap:wrap;\" ><div class=\"fusion-builder-row fusion-row fusion-flex-align-items-flex-start fusion-flex-content-wrap\" style=\"max-width:calc( 1320px + 0px );margin-left: calc(-0px \/ 2 );margin-right: calc(-0px \/ 2 );\"><div class=\"fusion-layout-column fusion_builder_column fusion-builder-column-2 fusion_builder_column_1_1 1_1 fusion-flex-column\" style=\"--awb-bg-size:cover;--awb-width-large:100%;--awb-margin-top-large:20px;--awb-spacing-right-large:0px;--awb-margin-bottom-large:20px;--awb-spacing-left-large:0px;--awb-width-medium:100%;--awb-spacing-right-medium:0px;--awb-spacing-left-medium:0px;--awb-width-small:100%;--awb-spacing-right-small:0px;--awb-spacing-left-small:0px;\"><div class=\"fusion-column-wrapper fusion-flex-justify-content-flex-start fusion-content-layout-column\"><div class=\"fusion-separator fusion-full-width-sep\" style=\"align-self: center;margin-left: auto;margin-right: auto;margin-top:20px;width:100%;\"><\/div><div class=\"fusion-title title fusion-title-2 fusion-sep-none fusion-title-text fusion-title-size-three\" style=\"--awb-text-color:#58790e;\"><h3 class=\"fusion-title-heading title-heading-left fusion-responsive-typography-calculated\" style=\"margin:0;--fontSize:32;line-height:1.26;\"><span style=\"color: #9089b8;\">SZ\u00c1LL\u00cdT\u00c1S:<\/span><\/h3><\/div><div class=\"fusion-text fusion-text-2\"><p>A sz\u00e1ml\u00e1z\u00e1si adatokat marad\u00e9ktalanul t\u00f6ltse ki, illetve a csillaggal jel\u00f6lt mez\u0151k kit\u00f6lt\u00e9se k\u00f6telez\u0151!<br \/>\nAmennyiben m\u00e1s c\u00edmre k\u00e9ri a sz\u00e1ll\u00edt\u00e1st jel\u00f6lje be a &#8222;<label class=\"woocommerce-form__label woocommerce-form__label-for-checkbox checkbox\">Sz\u00e1ll\u00edt\u00e1s m\u00e1sik c\u00edmre?&#8221; felirat mellet tal\u00e1lhat\u00f3 jel\u00f6l\u0151mez\u0151t \u00e9s t\u00f6ltse ki az adatokat.<br \/>\nA csomagj\u00e1t k\u00e9rheti otthon\u00e1ba h\u00e1zhoz sz\u00e1ll\u00edt\u00e1ssal vagy b\u00e1rmely FOXPOST automat\u00e1ba a list\u00e1b\u00f3l.<\/label><\/p>\n<\/div><div class=\"fusion-title title fusion-title-3 fusion-sep-none fusion-title-text fusion-title-size-three\" style=\"--awb-text-color:#58790e;\"><h3 class=\"fusion-title-heading title-heading-left fusion-responsive-typography-calculated\" style=\"margin:0;--fontSize:32;line-height:1.26;\"><span style=\"color: #9089b8;\">FIZET\u00c9S:<\/span><\/h3><\/div><div class=\"fusion-text fusion-text-3\"><p>Fizessen egyszer\u0171en, k\u00f6nnyed\u00e9n bankk\u00e1rty\u00e1j\u00e1val! (gyors, k\u00e9nyelmes, biztons\u00e1gos fizet\u00e9si m\u00f3d)<br \/>\nFizethet otthon\u00e1ban, a csomagsz\u00e1ll\u00edt\u00f3 fut\u00e1rnak, illetve el\u0151re utal\u00e1ssal is.<br \/>\nV\u00e1s\u00e1rl\u00e1s\u00e1r\u00f3l elektronikus sz\u00e1ml\u00e1t kap, melyet e-mail fi\u00f3kj\u00e1ban tal\u00e1l majd.<\/p>\n<\/div><div class=\"fusion-title title fusion-title-4 fusion-sep-none fusion-title-text fusion-title-size-three\" style=\"--awb-text-color:#58790e;\"><h3 class=\"fusion-title-heading title-heading-left fusion-responsive-typography-calculated\" style=\"margin:0;--fontSize:32;line-height:1.26;\"><span style=\"color: #9089b8;\">R\u00c9SZLETES TERM\u00c9K INFORM\u00c1CI\u00d3K:<\/span><\/h3><\/div><div class=\"fusion-text fusion-text-4\"><h2><span style=\"color: #9089b8;\">&#8222;Elm\u00e9ly\u00fcl\u00e9s&#8221; \u2013 Levendul\u00e1s kecsketejes szappan<\/span><\/h2>\n<h3><span style=\"color: #9089b8;\">Vir\u00e1gos k\u00e9nyeztet\u00e9s<\/span><\/h3>\n<p>\u00c9lvezd Te is a Legenda Szappanm\u0171hely 100 %-ban term\u00e9szetes Elm\u00e9ly\u00fcl\u00e9s levendul\u00e1s szappanj\u00e1nak j\u00f3t\u00e9kony hat\u00e1sait egy stresszes nap ut\u00e1n!<\/p>\n<p><span style=\"color: #9089b8;\"><strong>Alkalmaz\u00e1s<\/strong><\/span><\/p>\n<ul>\n<li>a n\u00f6v\u00e9nyi olajok \u00e9s a kecsketej kiv\u00e1l\u00f3an \u00e1polja, hidrat\u00e1lja b\u0151r\u00f6d, amely a szappan haszn\u00e1lata ut\u00e1n selymes tapint\u00e1s\u00fa lesz<\/li>\n<li>a csod\u00e1latos levendula mez\u0151ket id\u00e9z\u0151 illat belengi a f\u00fcrd\u0151szob\u00e1d, hozz\u00e1seg\u00edtve ezzel a kikapcsol\u00f3d\u00e1shoz<\/li>\n<li>az Elm\u00e9ly\u00fcl\u00e9s kecsketejes szappanban tal\u00e1lhat\u00f3 levendula vir\u00e1gok enyh\u00e9n rad\u00edrozz\u00e1k, massz\u00edrozz\u00e1k b\u0151r\u00f6d<\/li>\n<li>a levendula olaj j\u00f3t\u00e9kony tulajdons\u00e1gai k\u00f6z\u00e9 tartozik nyugtat\u00f3, gyullad\u00e1sg\u00e1tl\u00f3 hat\u00e1sa, amely alkalmass\u00e1 teszi a pattan\u00e1sos, ekc\u00e9m\u00e1s b\u0151r \u00e9s a pikkelys\u00f6m\u00f6r kezel\u00e9s\u00e9re<\/li>\n<\/ul>\n<p>\u00d6sszetev\u0151k: elszappanos\u00edtott k\u00f3kusz-, p\u00e1lma-, ol\u00edva-, napraforg\u00f3olaj, v\u00edz\/kecsketejb\u0151l, glicerin*, levendula ill\u00f3olaj, levendulavir\u00e1g, alkanna, linalool**<\/p>\n<p>Ingredients: Sodium Cocoate, Sodium Palmate, Sodium Olivate, Sodium Heliate, Aqua\/Caprae Lac, Glycerin*, Lavandula Angustifolia Oil, Lavandula Angustifolia, Alkanna Tinctoria, Linalool**<\/p>\n<p>Alacsony v\u00e9rnyom\u00e1s eset\u00e9n a levendula ill\u00f3olaj haszn\u00e1lata nem javasolt.<\/p>\n<p>T\u00f6mege: 95g \u00b1 10 %<\/p>\n<p><em>*az elszappanos\u00edt\u00e1si reakci\u00f3ban term\u00e9szetesen keletkezik<\/em><br \/>\n<em> **az ill\u00f3olaj term\u00e9szetes komponense<\/em><\/p>\n<\/div><div class=\"fusion-separator fusion-full-width-sep\" style=\"align-self: center;margin-left: auto;margin-right: auto;margin-top:20px;width:100%;\"><\/div><\/div><\/div><\/div><\/div><div class=\"fusion-fullwidth fullwidth-box fusion-builder-row-3 fusion-flex-container nonhundred-percent-fullwidth non-hundred-percent-height-scrolling\" style=\"--awb-border-radius-top-left:0px;--awb-border-radius-top-right:0px;--awb-border-radius-bottom-right:0px;--awb-border-radius-bottom-left:0px;--awb-background-color:#ffffff;--awb-flex-wrap:wrap;\" ><div class=\"fusion-builder-row fusion-row fusion-flex-align-items-flex-start fusion-flex-content-wrap\" style=\"max-width:1372.8px;margin-left: calc(-4% \/ 2 );margin-right: calc(-4% \/ 2 );\"><div class=\"fusion-layout-column fusion_builder_column fusion-builder-column-3 fusion_builder_column_1_2 1_2 fusion-flex-column\" style=\"--awb-bg-size:cover;--awb-width-large:50%;--awb-margin-top-large:20px;--awb-spacing-right-large:3.84%;--awb-margin-bottom-large:20px;--awb-spacing-left-large:3.84%;--awb-width-medium:50%;--awb-spacing-right-medium:3.84%;--awb-spacing-left-medium:3.84%;--awb-width-small:100%;--awb-spacing-right-small:1.92%;--awb-spacing-left-small:1.92%;\"><div class=\"fusion-column-wrapper fusion-flex-justify-content-flex-start fusion-content-layout-column\"><div class=\"fusion-separator fusion-full-width-sep\" style=\"align-self: center;margin-left: auto;margin-right: auto;margin-top:20px;width:100%;\"><\/div><div class=\"fusion-title title fusion-title-5 fusion-sep-none fusion-title-center fusion-title-text fusion-title-size-one\"><h1 class=\"fusion-title-heading title-heading-center fusion-responsive-typography-calculated\" style=\"margin:0;--fontSize:72;line-height:var(--awb-typography1-line-height);\"><span style=\"color: #9089b8;\">VEGYEN R\u00c9SZT H\u0170S\u00c9GPROGRAMUNKBAN KORL\u00c1TOZOTT IDEIG!<\/span><\/h1><\/div><div class=\"fusion-title title fusion-title-6 fusion-sep-none fusion-title-center fusion-title-text fusion-title-size-one\" style=\"--awb-text-color:#58790e;\"><h1 class=\"fusion-title-heading title-heading-center fusion-responsive-typography-calculated\" style=\"margin:0;--fontSize:72;line-height:var(--awb-typography1-line-height);\">&#8211; 10% kedvezm\u00e9ny &#8211;<\/h1><\/div><div class=\"fusion-text fusion-text-5\"><p style=\"text-align: center;\">\u00a0a <span style=\"color: #9089b8;\"><strong>&#8222;legendahuseg&#8221;<\/strong><\/span>\u00a0kuponk\u00f3ddal,<\/p>\n<\/div><div class=\"fusion-text fusion-text-6\"><p style=\"text-align: center;\">A prom\u00f3ci\u00f3s id\u0151szakban <span style=\"color: #9089b8;\">(2019.09.11-t\u0151l 09.25-ig)<\/span>, ha &#8222;elm\u00e9ly\u00fcl\u00e9s&#8221; levendul\u00e1s kecsketejes szappant v\u00e1s\u00e1rol, <span style=\"color: #9089b8;\">automatikusan beker\u00fcl h\u0171s\u00e9gprogramunkba.<\/span><\/p>\n<p style=\"text-align: center;\">Ez azt jelenti, hogy v\u00e1s\u00e1rl\u00e1s\u00e1t\u00f3l sz\u00e1m\u00edtva b\u00e1rmikor haszn\u00e1lhatja a <span style=\"color: #9089b8;\">&#8222;legendahuseg&#8221;<\/span> kuponk\u00f3dot, a 10% kedvezm\u00e9ny\u00e9rt.<br \/>\nB\u00e1rmely <span style=\"color: #9089b8;\">LegendaSzappan<\/span> term\u00e9k v\u00e1s\u00e1rl\u00e1sakor.<\/p>\n<\/div><\/div><\/div><div class=\"fusion-layout-column fusion_builder_column fusion-builder-column-4 fusion_builder_column_1_2 1_2 fusion-flex-column\" style=\"--awb-bg-size:cover;--awb-width-large:50%;--awb-margin-top-large:20px;--awb-spacing-right-large:3.84%;--awb-margin-bottom-large:20px;--awb-spacing-left-large:3.84%;--awb-width-medium:50%;--awb-spacing-right-medium:3.84%;--awb-spacing-left-medium:3.84%;--awb-width-small:100%;--awb-spacing-right-small:1.92%;--awb-spacing-left-small:1.92%;\"><div class=\"fusion-column-wrapper fusion-flex-justify-content-flex-start fusion-content-layout-column\"><div class=\"fusion-separator fusion-full-width-sep\" style=\"align-self: center;margin-left: auto;margin-right: auto;margin-top:40px;width:100%;\"><\/div><div class=\"fusion-image-element \" style=\"text-align:center;--awb-caption-title-font-family:var(--h2_typography-font-family);--awb-caption-title-font-weight:var(--h2_typography-font-weight);--awb-caption-title-font-style:var(--h2_typography-font-style);--awb-caption-title-size:var(--h2_typography-font-size);--awb-caption-title-transform:var(--h2_typography-text-transform);--awb-caption-title-line-height:var(--h2_typography-line-height);--awb-caption-title-letter-spacing:var(--h2_typography-letter-spacing);\"><span class=\" fusion-imageframe imageframe-none imageframe-2 hover-type-none\" style=\"border-radius:8px;\"><img decoding=\"async\" src=\"data:image\/gif;base64,R0lGODlhAQABAAAAACH5BAEKAAEALAAAAAABAAEAAAICTAEAOw==\" data-orig-src=\"https:\/\/legendaszappan.hu\/wp-content\/uploads\/2019\/09\/LS_Levendula_Landing_550x350_190907.jpg\" alt class=\"lazyload img-responsive\"\/><\/span><\/div><\/div><\/div><\/div><\/div><\/p>\n","protected":false},"excerpt":{"rendered":"","protected":false},"featured_media":15072,"comment_status":"closed","ping_status":"closed","template":"","meta":[],"product_cat":[19,21,23,24,27,25,18],"product_tag":[20,26],"class_list":{"0":"post-36","1":"product","2":"type-product","3":"status-publish","4":"has-post-thumbnail","6":"product_cat-gyermekeknek","7":"product_cat-kombinalt-borre","8":"product_cat-normal-borre","9":"product_cat-problemas-borre","10":"product_cat-promocio","11":"product_cat-szaraz-borre","12":"product_cat-zsiros-borre","13":"product_tag-kecsketejes","14":"product_tag-levendulas","16":"first","17":"instock","18":"taxable","19":"shipping-taxable","20":"purchasable","21":"product-type-simple"},"_links":{"self":[{"href":"https:\/\/egyik19.hu\/wordpress\/wp-json\/wp\/v2\/product\/36","targetHints":{"allow":["GET"]}}],"collection":[{"href":"https:\/\/egyik19.hu\/wordpress\/wp-json\/wp\/v2\/product"}],"about":[{"href":"https:\/\/egyik19.hu\/wordpress\/wp-json\/wp\/v2\/types\/product"}],"replies":[{"embeddable":true,"href":"https:\/\/egyik19.hu\/wordpress\/wp-json\/wp\/v2\/comments?post=36"}],"wp:featuredmedia":[{"embeddable":true,"href":"https:\/\/egyik19.hu\/wordpress\/wp-json\/"}],"wp:attachment":[{"href":"https:\/\/egyik19.hu\/wordpress\/wp-json\/wp\/v2\/media?parent=36"}],"wp:term":[{"taxonomy":"product_cat","embeddable":true,"href":"https:\/\/egyik19.hu\/wordpress\/wp-json\/wp\/v2\/product_cat?post=36"},{"taxonomy":"product_tag","embeddable":true,"href":"https:\/\/egyik19.hu\/wordpress\/wp-json\/wp\/v2\/product_tag?post=36"}],"curies":[{"name":"wp","href":"https:\/\/api.w.org\/{rel}","templated":true}]}}