{"id":59,"date":"2014-05-23T16:26:19","date_gmt":"2014-05-23T14:26:19","guid":{"rendered":"http:\/\/szappanka.esy.es\/wp\/?post_type=product&amp;p=59"},"modified":"2014-05-23T16:26:19","modified_gmt":"2014-05-23T14:26:19","slug":"orgonas-kecsketejes-szappan","status":"publish","type":"product","link":"https:\/\/egyik19.hu\/wordpress\/termek\/orgonas-kecsketejes-szappan\/","title":{"rendered":"\u00c1LOMF\u00dcRD\u0150 Orgon\u00e1s kecsketejes szappan"},"content":{"rendered":"<h2>\u00c1LOMF\u00dcRD\u0150 &#8211; Orgon\u00e1s kecsketejes szappan<\/h2>\n<h3>Tavasz-illat\u00fa k\u00e9nyeztet\u00e9s<\/h3>\n<p>Csemp\u00e9szd be a tavaszt f\u00fcrd\u0151szob\u00e1dba, k\u00e9nyeztesd magad a \u201e\u00c1lomf\u00fcrd\u0151\u201d orgon\u00e1s kecsketejes szappannal!<\/p>\n<p><strong>Alkalmaz\u00e1s<\/strong><\/p>\n<ul>\n<li>ha be szeretn\u00e9d engedni a tavasz illat\u00e1t f\u00fcrd\u0151szob\u00e1dba, v\u00e1laszd orgon\u00e1s szappanunkat, garant\u00e1ltan j\u00f3kedvre der\u00fclsz majd<\/li>\n<li>a kecsketej hidrat\u00e1l\u00f3 hat\u00e1s\u00e1t az \u201e\u00c1lomf\u00fcrd\u0151\u201d szappanunk eset\u00e9ben is \u00e9lvezheted<\/li>\n<\/ul>\n<p>Ingredients: Sodium Cocoate, Sodium Canolate, Sodium Heliate, Aqua\/Caprae Lac, Sodium Palmate, Glycerin*, Sodium Olivate, Sodium Linseedate, Parfum\/Fragrance, Sodium Beeswax, CI 75470, Hydroxycitronellal**, Amyl Cinnamal**<\/p>\n<p>\u00d6sszetev\u0151k: elszappanos\u00edtott k\u00f3kusz-, repce-, napraforg\u00f3olaj, v\u00edz\/kecsketejb\u0151l, elszappanos\u00edtott p\u00e1lmaolaj, glicerin*, elszappanos\u00edtott ol\u00edva-, lenolaj, orgona illatolaj, elszappanos\u00edtott m\u00e9hviasz, k\u00e1rmin sz\u00ednez\u00e9k, hydroxycitronellal**, amyl cinnamal**<\/p>\n<p>T\u00f6mege: 95g \u00b1 10 %<\/p>\n<p><em>* az elszappanos\u00edt\u00e1si reakci\u00f3ban term\u00e9szetesen keletkezik<br \/>\n** illatolaj komponensek<\/em><\/p>\n","protected":false},"excerpt":{"rendered":"<p>A Legenda \u201e\u00c1lomf\u00fcrd\u0151\u201d orgon\u00e1s kecsketejes szappanj\u00e1nak illata bet\u00f6lti a f\u00fcrd\u0151szob\u00e1d, val\u00f3di tavaszi hangulatot csemp\u00e9sz a f\u00fcrd\u00e9s pillanataiba. A kecsketej j\u00f3t\u00e9konyan hidrat\u00e1lja, selymess\u00e9 var\u00e1zsolja b\u0151r\u00f6d.<\/p>\n","protected":false},"featured_media":13503,"comment_status":"open","ping_status":"closed","template":"","meta":[],"product_cat":[23],"product_tag":[20,35],"class_list":{"0":"post-59","1":"product","2":"type-product","3":"status-publish","4":"has-post-thumbnail","6":"product_cat-normal-borre","7":"product_tag-kecsketejes","8":"product_tag-orgonas","10":"first","11":"instock","12":"featured","13":"taxable","14":"shipping-taxable","15":"purchasable","16":"product-type-simple"},"_links":{"self":[{"href":"https:\/\/egyik19.hu\/wordpress\/wp-json\/wp\/v2\/product\/59","targetHints":{"allow":["GET"]}}],"collection":[{"href":"https:\/\/egyik19.hu\/wordpress\/wp-json\/wp\/v2\/product"}],"about":[{"href":"https:\/\/egyik19.hu\/wordpress\/wp-json\/wp\/v2\/types\/product"}],"replies":[{"embeddable":true,"href":"https:\/\/egyik19.hu\/wordpress\/wp-json\/wp\/v2\/comments?post=59"}],"wp:featuredmedia":[{"embeddable":true,"href":"https:\/\/egyik19.hu\/wordpress\/wp-json\/"}],"wp:attachment":[{"href":"https:\/\/egyik19.hu\/wordpress\/wp-json\/wp\/v2\/media?parent=59"}],"wp:term":[{"taxonomy":"product_cat","embeddable":true,"href":"https:\/\/egyik19.hu\/wordpress\/wp-json\/wp\/v2\/product_cat?post=59"},{"taxonomy":"product_tag","embeddable":true,"href":"https:\/\/egyik19.hu\/wordpress\/wp-json\/wp\/v2\/product_tag?post=59"}],"curies":[{"name":"wp","href":"https:\/\/api.w.org\/{rel}","templated":true}]}}